{"id":134,"date":"2020-08-25T01:31:50","date_gmt":"2020-08-24T23:31:50","guid":{"rendered":"http:\/\/medicuskrosno.pl\/index.php\/about-us\/"},"modified":"2026-03-18T00:06:42","modified_gmt":"2026-03-17T23:06:42","slug":"poradnia-poz","status":"publish","type":"page","link":"https:\/\/medicuskrosno.pl\/index.php\/poradnia-poz\/","title":{"rendered":"Poradnia POZ"},"content":{"rendered":"\t\t<div data-elementor-type=\"wp-page\" data-elementor-id=\"134\" class=\"elementor elementor-134\" data-elementor-settings=\"[]\">\n\t\t\t\t\t\t\t<div class=\"elementor-section-wrap\">\n\t\t\t\t\t\t\t<section class=\"elementor-section elementor-top-section elementor-element elementor-element-c74c8d4 elementor-section-boxed elementor-section-height-default elementor-section-height-default\" data-id=\"c74c8d4\" data-element_type=\"section\" data-settings=\"{&quot;background_background&quot;:&quot;classic&quot;}\">\n\t\t\t\t\t\t<div class=\"elementor-container elementor-column-gap-no\">\n\t\t\t\t\t<div class=\"elementor-column elementor-col-100 elementor-top-column elementor-element elementor-element-703686c\" data-id=\"703686c\" data-element_type=\"column\">\n\t\t\t<div class=\"elementor-widget-wrap elementor-element-populated\">\n\t\t\t\t\t\t\t\t<div class=\"elementor-element elementor-element-eaad568 elementor-widget elementor-widget-heading\" data-id=\"eaad568\" data-element_type=\"widget\" data-widget_type=\"heading.default\">\n\t\t\t\t<div class=\"elementor-widget-container\">\n\t\t\t<h2 class=\"elementor-heading-title elementor-size-default\">Poradnia POZ<\/h2>\t\t<\/div>\n\t\t\t\t<\/div>\n\t\t\t\t\t<\/div>\n\t\t<\/div>\n\t\t\t\t\t\t\t<\/div>\n\t\t<\/section>\n\t\t\t\t<section class=\"elementor-section elementor-top-section elementor-element elementor-element-a889570 elementor-section-boxed elementor-section-height-default elementor-section-height-default\" data-id=\"a889570\" data-element_type=\"section\">\n\t\t\t\t\t\t<div class=\"elementor-container elementor-column-gap-default\">\n\t\t\t\t\t<div class=\"elementor-column elementor-col-50 elementor-top-column elementor-element elementor-element-d5e3dcf\" data-id=\"d5e3dcf\" data-element_type=\"column\">\n\t\t\t<div class=\"elementor-widget-wrap elementor-element-populated\">\n\t\t\t\t\t\t\t\t<div class=\"elementor-element elementor-element-51cc6e3 elementor-widget elementor-widget-image\" data-id=\"51cc6e3\" data-element_type=\"widget\" data-widget_type=\"image.default\">\n\t\t\t\t<div class=\"elementor-widget-container\">\n\t\t\t\t\t\t\t\t\t\t\t\t\t\t\t<img loading=\"lazy\" decoding=\"async\" width=\"278\" height=\"300\" src=\"https:\/\/medicuskrosno.pl\/wp-content\/uploads\/2021\/06\/doctor-work-hospital-1699656-278x300.jpg\" class=\"attachment-medium size-medium\" alt=\"doctor, work, hospital\" srcset=\"https:\/\/medicuskrosno.pl\/wp-content\/uploads\/2021\/06\/doctor-work-hospital-1699656-278x300.jpg 278w, https:\/\/medicuskrosno.pl\/wp-content\/uploads\/2021\/06\/doctor-work-hospital-1699656-948x1024.jpg 948w, https:\/\/medicuskrosno.pl\/wp-content\/uploads\/2021\/06\/doctor-work-hospital-1699656-768x830.jpg 768w, https:\/\/medicuskrosno.pl\/wp-content\/uploads\/2021\/06\/doctor-work-hospital-1699656.jpg 1185w\" sizes=\"auto, (max-width: 278px) 100vw, 278px\" \/>\t\t\t\t\t\t\t\t\t\t\t\t\t\t\t<\/div>\n\t\t\t\t<\/div>\n\t\t\t\t\t<\/div>\n\t\t<\/div>\n\t\t\t\t<div class=\"elementor-column elementor-col-50 elementor-top-column elementor-element elementor-element-ad8d003\" data-id=\"ad8d003\" data-element_type=\"column\">\n\t\t\t<div class=\"elementor-widget-wrap elementor-element-populated\">\n\t\t\t\t\t\t\t\t<div class=\"elementor-element elementor-element-a7dd3a9 elementor-widget elementor-widget-text-editor\" data-id=\"a7dd3a9\" data-element_type=\"widget\" data-widget_type=\"text-editor.default\">\n\t\t\t\t<div class=\"elementor-widget-container\">\n\t\t\t\t\t\t\t\tW naszej <strong>przychodni lekarskiej<\/strong> w <strong>Kro\u015bnie<\/strong> rejestracje wizyt pacjent\u00f3w odbywaj\u0105 si\u0119 miedzy 7:30 a 18:00. Zapewniamy bezp\u0142atn\u0105 opiek\u0119 medyczn\u0105 na podstawie obowi\u0105zuj\u0105cego kontraktu z Narodowym Funduszem Zdrowia. Oznacza to, \u017ce lekarze <strong>podstawowej opieki zdrowotnej<\/strong> stacjonuj\u0105cy w plac\u00f3wce s\u0105 do dyspozycji pacjent\u00f3w bez potrzeby wnoszenia jakichkolwiek op\u0142at. Dzi\u0119ki temu bez wi\u0119kszych przeszk\u00f3d maj\u0105 Pa\u0144stwo dost\u0119p do lekarzy\u00a0specjalist\u00f3w, kt\u00f3rzy z pe\u0142nym zaanga\u017cowaniem nios\u0105 pomoc medyczn\u0105 osobom jej potrzebuj\u0105cym.\t\t\t\t\t\t<\/div>\n\t\t\t\t<\/div>\n\t\t\t\t\t<\/div>\n\t\t<\/div>\n\t\t\t\t\t\t\t<\/div>\n\t\t<\/section>\n\t\t\t\t<section class=\"elementor-section elementor-top-section elementor-element elementor-element-be23cd3 elementor-section-boxed elementor-section-height-default elementor-section-height-default\" data-id=\"be23cd3\" data-element_type=\"section\">\n\t\t\t\t\t\t<div class=\"elementor-container elementor-column-gap-default\">\n\t\t\t\t\t<div class=\"elementor-column elementor-col-100 elementor-top-column elementor-element elementor-element-c3bc273\" data-id=\"c3bc273\" data-element_type=\"column\">\n\t\t\t<div class=\"elementor-widget-wrap elementor-element-populated\">\n\t\t\t\t\t\t\t\t<div class=\"elementor-element elementor-element-62a6ee6 elementor-widget elementor-widget-heading\" data-id=\"62a6ee6\" data-element_type=\"widget\" data-widget_type=\"heading.default\">\n\t\t\t\t<div class=\"elementor-widget-container\">\n\t\t\t<h2 class=\"elementor-heading-title elementor-size-default\">Lekarze POZ dla dzieci<\/h2>\t\t<\/div>\n\t\t\t\t<\/div>\n\t\t\t\t\t<\/div>\n\t\t<\/div>\n\t\t\t\t\t\t\t<\/div>\n\t\t<\/section>\n\t\t\t\t<section class=\"elementor-section elementor-top-section elementor-element elementor-element-3444fca elementor-section-boxed elementor-section-height-default elementor-section-height-default\" data-id=\"3444fca\" data-element_type=\"section\">\n\t\t\t\t\t\t<div class=\"elementor-container elementor-column-gap-default\">\n\t\t\t\t\t<div class=\"elementor-column elementor-col-50 elementor-top-column elementor-element elementor-element-ebd7fb7\" data-id=\"ebd7fb7\" data-element_type=\"column\" data-settings=\"{&quot;background_background&quot;:&quot;classic&quot;}\">\n\t\t\t<div class=\"elementor-widget-wrap elementor-element-populated\">\n\t\t\t\t\t\t\t\t<div class=\"elementor-element elementor-element-3f61a4c elementor-widget elementor-widget-text-editor\" data-id=\"3f61a4c\" data-element_type=\"widget\" data-widget_type=\"text-editor.default\">\n\t\t\t\t<div class=\"elementor-widget-container\">\n\t\t\t\t\t\t\t\t<div style=\"border: 2px solid; text-align: center; margin: auto;\"><div style=\"font-weight: bold;\">Danuta Tla\u0142ka\u00a0<\/div><div>lekarz chor\u00f3b dzieci\u0119cych<\/div><\/div><center><br \/>Poniedzia\u0142ek 08:00 &#8211; 11:00 \/ 15:00 &#8211; 18:00<br \/>Wtorek 08:00 &#8211; 11:00 \/ 15:00 &#8211; 18:00<br \/>\u015aroda 08:00 &#8211; 11:00 \/ 15:00 &#8211; 18:00<br \/>Czwartek 08:00 &#8211; 11:00 \/ 15:00 &#8211; 18:00<br \/>Pi\u0105tek 08:00 &#8211; 11:00 \/ 15:00 &#8211; 18:00<\/center>\t\t\t\t\t\t<\/div>\n\t\t\t\t<\/div>\n\t\t\t\t\t<\/div>\n\t\t<\/div>\n\t\t\t\t<div class=\"elementor-column elementor-col-50 elementor-top-column elementor-element elementor-element-6b79a92\" data-id=\"6b79a92\" data-element_type=\"column\" data-settings=\"{&quot;background_background&quot;:&quot;classic&quot;}\">\n\t\t\t<div class=\"elementor-widget-wrap elementor-element-populated\">\n\t\t\t\t\t\t\t\t<div class=\"elementor-element elementor-element-171e33d elementor-widget elementor-widget-text-editor\" data-id=\"171e33d\" data-element_type=\"widget\" data-widget_type=\"text-editor.default\">\n\t\t\t\t<div class=\"elementor-widget-container\">\n\t\t\t\t\t\t\t\t<div style=\"border: 2px solid; text-align: center; margin: auto;\"><div style=\"font-weight: bold;\">Wies\u0142awa Jakubowska\u00a0<\/div><div>lekarz chor\u00f3b dzieci\u0119cych<\/div><\/div><center><\/center><center><br \/>Wtorek 08:00 &#8211; 15:00<br \/>Czwartek 08:00 &#8211; 13:00<br \/>Pi\u0105tek 08:00 &#8211; 15:00<\/center>\t\t\t\t\t\t<\/div>\n\t\t\t\t<\/div>\n\t\t\t\t\t<\/div>\n\t\t<\/div>\n\t\t\t\t\t\t\t<\/div>\n\t\t<\/section>\n\t\t\t\t<section class=\"elementor-section elementor-top-section elementor-element elementor-element-6075e3e elementor-section-boxed elementor-section-height-default elementor-section-height-default\" data-id=\"6075e3e\" data-element_type=\"section\">\n\t\t\t\t\t\t<div class=\"elementor-container elementor-column-gap-default\">\n\t\t\t\t\t<div class=\"elementor-column elementor-col-100 elementor-top-column elementor-element elementor-element-e5be292\" data-id=\"e5be292\" data-element_type=\"column\" data-settings=\"{&quot;background_background&quot;:&quot;classic&quot;}\">\n\t\t\t<div class=\"elementor-widget-wrap elementor-element-populated\">\n\t\t\t\t\t\t\t\t<div class=\"elementor-element elementor-element-be73ee3 elementor-widget elementor-widget-text-editor\" data-id=\"be73ee3\" data-element_type=\"widget\" data-widget_type=\"text-editor.default\">\n\t\t\t\t<div class=\"elementor-widget-container\">\n\t\t\t\t\t\t\t\t<div style=\"border: 2px solid; text-align: center; margin: auto;\"><div style=\"font-weight: bold;\">Teresa Such &#8211; Dubaj\u00a0<\/div><div>lekarz chor\u00f3b dzieci\u0119cych<\/div><\/div><center><br \/>Poniedzia\u0142ek 08:00 &#8211; 13:00 <br \/>\u015aroda 08:00 &#8211; 13:00<\/center>\t\t\t\t\t\t<\/div>\n\t\t\t\t<\/div>\n\t\t\t\t\t<\/div>\n\t\t<\/div>\n\t\t\t\t\t\t\t<\/div>\n\t\t<\/section>\n\t\t\t\t<section class=\"elementor-section elementor-top-section elementor-element elementor-element-d1c64cd elementor-section-boxed elementor-section-height-default elementor-section-height-default\" data-id=\"d1c64cd\" data-element_type=\"section\">\n\t\t\t\t\t\t<div class=\"elementor-container elementor-column-gap-default\">\n\t\t\t\t\t<div class=\"elementor-column elementor-col-100 elementor-top-column elementor-element elementor-element-5cf5a9d\" data-id=\"5cf5a9d\" data-element_type=\"column\">\n\t\t\t<div class=\"elementor-widget-wrap elementor-element-populated\">\n\t\t\t\t\t\t\t\t<div class=\"elementor-element elementor-element-74f4b62 elementor-widget elementor-widget-heading\" data-id=\"74f4b62\" data-element_type=\"widget\" data-widget_type=\"heading.default\">\n\t\t\t\t<div class=\"elementor-widget-container\">\n\t\t\t<h2 class=\"elementor-heading-title elementor-size-default\">Lekarze POZ<\/h2>\t\t<\/div>\n\t\t\t\t<\/div>\n\t\t\t\t\t<\/div>\n\t\t<\/div>\n\t\t\t\t\t\t\t<\/div>\n\t\t<\/section>\n\t\t\t\t<section class=\"elementor-section elementor-top-section elementor-element elementor-element-edda683 elementor-section-boxed elementor-section-height-default elementor-section-height-default\" data-id=\"edda683\" data-element_type=\"section\">\n\t\t\t\t\t\t<div class=\"elementor-container elementor-column-gap-default\">\n\t\t\t\t\t<div class=\"elementor-column elementor-col-50 elementor-top-column elementor-element elementor-element-4629c27\" data-id=\"4629c27\" data-element_type=\"column\" data-settings=\"{&quot;background_background&quot;:&quot;classic&quot;}\">\n\t\t\t<div class=\"elementor-widget-wrap elementor-element-populated\">\n\t\t\t\t\t\t\t\t<div class=\"elementor-element elementor-element-ba91b3b elementor-widget elementor-widget-text-editor\" data-id=\"ba91b3b\" data-element_type=\"widget\" data-widget_type=\"text-editor.default\">\n\t\t\t\t<div class=\"elementor-widget-container\">\n\t\t\t\t\t\t\t\t<div style=\"border: 2px solid; text-align: center; margin: auto;\"><div style=\"font-weight: bold;\"><div><div>El\u017cbieta <strong>So\u015bnicka-M\u0171nzberger<\/strong><\/div><\/div><\/div><div>lekarz chor\u00f3b wewn\u0119trznych<\/div><\/div><center><br \/>Poniedzia\u0142ek 08:00 &#8211; 13:00<br \/>Wtorek 13:00 &#8211; 18:00<br \/>\u015aroda 08:00 &#8211; 13:00<br \/>Czwartek 08:00 &#8211; 13:00<br \/>Pi\u0105tek 08:00 &#8211; 13:00 lub 13:00 &#8211; 18:00<\/center>\t\t\t\t\t\t<\/div>\n\t\t\t\t<\/div>\n\t\t\t\t\t<\/div>\n\t\t<\/div>\n\t\t\t\t<div class=\"elementor-column elementor-col-50 elementor-top-column elementor-element elementor-element-e01f14a\" data-id=\"e01f14a\" data-element_type=\"column\" data-settings=\"{&quot;background_background&quot;:&quot;classic&quot;}\">\n\t\t\t<div class=\"elementor-widget-wrap elementor-element-populated\">\n\t\t\t\t\t\t\t\t<div class=\"elementor-element elementor-element-285388d elementor-widget elementor-widget-text-editor\" data-id=\"285388d\" data-element_type=\"widget\" data-widget_type=\"text-editor.default\">\n\t\t\t\t<div class=\"elementor-widget-container\">\n\t\t\t\t\t\t\t\t<div style=\"border: 2px solid; text-align: center; margin: auto;\"><div style=\"font-weight: bold;\">Anna \u015amia\u0142ek\u00a0<\/div><div>lekarz chor\u00f3b wewn\u0119trznych &#8211; specjalista medycyny rodzinnej<\/div><\/div><center><br \/>Poniedzia\u0142ek 08:00 &#8211; 13:00<br \/>Wtorek 13:00 &#8211; 18:00<br \/>\u015aroda 08:00 &#8211; 13:00<br \/>Czwartek 13:00 &#8211; 18:00<br \/>Pi\u0105tek 08:00 &#8211; 13:00<\/center>\t\t\t\t\t\t<\/div>\n\t\t\t\t<\/div>\n\t\t\t\t\t<\/div>\n\t\t<\/div>\n\t\t\t\t\t\t\t<\/div>\n\t\t<\/section>\n\t\t\t\t<section class=\"elementor-section elementor-top-section elementor-element elementor-element-8914f3e elementor-section-boxed elementor-section-height-default elementor-section-height-default\" data-id=\"8914f3e\" data-element_type=\"section\">\n\t\t\t\t\t\t<div class=\"elementor-container elementor-column-gap-default\">\n\t\t\t\t\t<div class=\"elementor-column elementor-col-50 elementor-top-column elementor-element elementor-element-4fd6680\" data-id=\"4fd6680\" data-element_type=\"column\" data-settings=\"{&quot;background_background&quot;:&quot;classic&quot;}\">\n\t\t\t<div class=\"elementor-widget-wrap elementor-element-populated\">\n\t\t\t\t\t\t\t\t<div class=\"elementor-element elementor-element-d430582 elementor-widget elementor-widget-text-editor\" data-id=\"d430582\" data-element_type=\"widget\" data-widget_type=\"text-editor.default\">\n\t\t\t\t<div class=\"elementor-widget-container\">\n\t\t\t\t\t\t\t\t<div style=\"border: 2px solid; text-align: center; margin: auto;\"><div style=\"font-weight: bold;\">Olgierd Czeszyk\u00a0<\/div><div>lekarz chor\u00f3b wewn\u0119trznych<\/div><\/div><center><br \/>Poniedzia\u0142ek 13:00 &#8211; 18:00<br \/>Wtorek 08:00 &#8211; 13:00<br \/>\u015aroda 08:00 &#8211; 13:00<br \/>Czwartek 08:00 &#8211; 13:00<br \/>Pi\u0105tek 08:00 &#8211; 13:00<\/center>\t\t\t\t\t\t<\/div>\n\t\t\t\t<\/div>\n\t\t\t\t\t<\/div>\n\t\t<\/div>\n\t\t\t\t<div class=\"elementor-column elementor-col-50 elementor-top-column elementor-element elementor-element-160a7d7\" data-id=\"160a7d7\" data-element_type=\"column\" data-settings=\"{&quot;background_background&quot;:&quot;classic&quot;}\">\n\t\t\t<div class=\"elementor-widget-wrap elementor-element-populated\">\n\t\t\t\t\t\t\t\t<div class=\"elementor-element elementor-element-5388775 elementor-widget elementor-widget-text-editor\" data-id=\"5388775\" data-element_type=\"widget\" data-widget_type=\"text-editor.default\">\n\t\t\t\t<div class=\"elementor-widget-container\">\n\t\t\t\t\t\t\t\t<div style=\"border: 2px solid; text-align: center; margin: auto;\"><div style=\"font-weight: bold;\">Jerzy \u015amia\u0142ek\u00a0<\/div><div>lekarz chor\u00f3b wewn\u0119trznych &#8211; specjalista medycyny rodzinnej<\/div><\/div><center><br \/>Poniedzia\u0142ek 08:00 &#8211; 13:00<br \/>Wtorek 08:00 &#8211; 13:00<br \/>\u015aroda 13:00 &#8211; 18:00<br \/>Czwartek 08:00 &#8211; 13:00<br \/>Pi\u0105tek 13:00 &#8211; 18:00 lub 08:00 &#8211; 13:00<\/center>\t\t\t\t\t\t<\/div>\n\t\t\t\t<\/div>\n\t\t\t\t\t<\/div>\n\t\t<\/div>\n\t\t\t\t\t\t\t<\/div>\n\t\t<\/section>\n\t\t\t\t<section class=\"elementor-section elementor-top-section elementor-element elementor-element-4dfa40a elementor-section-boxed elementor-section-height-default elementor-section-height-default\" data-id=\"4dfa40a\" data-element_type=\"section\">\n\t\t\t\t\t\t<div class=\"elementor-container elementor-column-gap-default\">\n\t\t\t\t\t<div class=\"elementor-column elementor-col-50 elementor-top-column elementor-element elementor-element-aa3c6cb\" data-id=\"aa3c6cb\" data-element_type=\"column\" data-settings=\"{&quot;background_background&quot;:&quot;classic&quot;}\">\n\t\t\t<div class=\"elementor-widget-wrap elementor-element-populated\">\n\t\t\t\t\t\t\t\t<div class=\"elementor-element elementor-element-89376a5 elementor-widget elementor-widget-text-editor\" data-id=\"89376a5\" data-element_type=\"widget\" data-widget_type=\"text-editor.default\">\n\t\t\t\t<div class=\"elementor-widget-container\">\n\t\t\t\t\t\t\t\t<div style=\"border: 2px solid; text-align: center; margin: auto;\"><div style=\"font-weight: bold;\"><strong>Melika Bel Hadj Hamida <\/strong><\/div><div>\u00a0<\/div><\/div><center><\/center><center><\/center><center><\/center><center><\/center><center><center>Poniedzia\u0142ek 08:00 &#8211; 13:00<\/center><center>Wtorek 08:00 &#8211; 13:00<br \/>\u015aroda 13:00 &#8211; 18:00<\/center><center><\/center><center>Czwartek 08:00 &#8211; 13:00<\/center><\/center>\t\t\t\t\t\t<\/div>\n\t\t\t\t<\/div>\n\t\t\t\t\t<\/div>\n\t\t<\/div>\n\t\t\t\t<div class=\"elementor-column elementor-col-50 elementor-top-column elementor-element elementor-element-48eec79\" data-id=\"48eec79\" data-element_type=\"column\" data-settings=\"{&quot;background_background&quot;:&quot;classic&quot;}\">\n\t\t\t<div class=\"elementor-widget-wrap elementor-element-populated\">\n\t\t\t\t\t\t\t\t<div class=\"elementor-element elementor-element-8b23495 elementor-widget elementor-widget-text-editor\" data-id=\"8b23495\" data-element_type=\"widget\" data-widget_type=\"text-editor.default\">\n\t\t\t\t<div class=\"elementor-widget-container\">\n\t\t\t\t\t\t\t\t<div style=\"border: 2px solid; text-align: center; margin: auto;\"><div style=\"font-weight: bold;\">Rados\u0142aw Garbacz\u00a0<\/div><div>\u00a0<\/div><\/div><center><br \/>Poniedzia\u0142ek 15:30 &#8211; 18:00<\/center><center>Czwartek 15:30 &#8211; 18:00<\/center>\t\t\t\t\t\t<\/div>\n\t\t\t\t<\/div>\n\t\t\t\t\t<\/div>\n\t\t<\/div>\n\t\t\t\t\t\t\t<\/div>\n\t\t<\/section>\n\t\t\t\t<section class=\"elementor-section elementor-top-section elementor-element elementor-element-bba4fa8 elementor-section-boxed elementor-section-height-default elementor-section-height-default\" data-id=\"bba4fa8\" data-element_type=\"section\" data-settings=\"{&quot;background_background&quot;:&quot;classic&quot;}\">\n\t\t\t\t\t\t<div class=\"elementor-container elementor-column-gap-no\">\n\t\t\t\t\t<div class=\"elementor-column elementor-col-33 elementor-top-column elementor-element elementor-element-1540cc4\" data-id=\"1540cc4\" data-element_type=\"column\">\n\t\t\t<div class=\"elementor-widget-wrap elementor-element-populated\">\n\t\t\t\t\t\t\t\t<div class=\"elementor-element elementor-element-e2510c9 elementor-position-left elementor-widget__width-auto elementor-widget-mobile__width-inherit elementor-view-default elementor-vertical-align-top elementor-widget elementor-widget-icon-box\" data-id=\"e2510c9\" data-element_type=\"widget\" data-widget_type=\"icon-box.default\">\n\t\t\t\t<div class=\"elementor-widget-container\">\n\t\t\t\t\t<div class=\"elementor-icon-box-wrapper\">\n\t\t\t\t\t\t<div class=\"elementor-icon-box-icon\">\n\t\t\t\t<span class=\"elementor-icon elementor-animation-\" >\n\t\t\t\t<i aria-hidden=\"true\" class=\"fas fa-map-marker-alt\"><\/i>\t\t\t\t<\/span>\n\t\t\t<\/div>\n\t\t\t\t\t\t<div class=\"elementor-icon-box-content\">\n\t\t\t\t<h4 class=\"elementor-icon-box-title\">\n\t\t\t\t\t<span >Adres<\/span>\n\t\t\t\t<\/h4>\n\t\t\t\t\t\t\t\t<p class=\"elementor-icon-box-description\">ul. Wojska Polskiego 43,\n38-400 Krosno\n  <\/p>\n\t\t\t\t\t\t\t<\/div>\n\t\t<\/div>\n\t\t\t\t<\/div>\n\t\t\t\t<\/div>\n\t\t\t\t\t<\/div>\n\t\t<\/div>\n\t\t\t\t<div class=\"elementor-column elementor-col-33 elementor-top-column elementor-element elementor-element-7093530\" data-id=\"7093530\" data-element_type=\"column\">\n\t\t\t<div class=\"elementor-widget-wrap elementor-element-populated\">\n\t\t\t\t\t\t\t\t<div class=\"elementor-element elementor-element-1e0c831 elementor-position-left elementor-widget__width-auto elementor-widget-mobile__width-inherit elementor-view-default elementor-vertical-align-top elementor-widget elementor-widget-icon-box\" data-id=\"1e0c831\" data-element_type=\"widget\" data-widget_type=\"icon-box.default\">\n\t\t\t\t<div class=\"elementor-widget-container\">\n\t\t\t\t\t<div class=\"elementor-icon-box-wrapper\">\n\t\t\t\t\t\t<div class=\"elementor-icon-box-icon\">\n\t\t\t\t<span class=\"elementor-icon elementor-animation-\" >\n\t\t\t\t<i aria-hidden=\"true\" class=\"fas fa-phone\"><\/i>\t\t\t\t<\/span>\n\t\t\t<\/div>\n\t\t\t\t\t\t<div class=\"elementor-icon-box-content\">\n\t\t\t\t<h4 class=\"elementor-icon-box-title\">\n\t\t\t\t\t<span >Telefon<\/span>\n\t\t\t\t<\/h4>\n\t\t\t\t\t\t\t\t<p class=\"elementor-icon-box-description\">+48 13 432 15 23<\/p>\n\t\t\t\t\t\t\t<\/div>\n\t\t<\/div>\n\t\t\t\t<\/div>\n\t\t\t\t<\/div>\n\t\t\t\t\t<\/div>\n\t\t<\/div>\n\t\t\t\t<div class=\"elementor-column elementor-col-33 elementor-top-column elementor-element elementor-element-e6679d1\" data-id=\"e6679d1\" data-element_type=\"column\">\n\t\t\t<div class=\"elementor-widget-wrap elementor-element-populated\">\n\t\t\t\t\t\t\t\t<div class=\"elementor-element elementor-element-7d133f0 elementor-position-left elementor-widget__width-auto elementor-widget-mobile__width-inherit elementor-view-default elementor-vertical-align-top elementor-widget elementor-widget-icon-box\" data-id=\"7d133f0\" data-element_type=\"widget\" data-widget_type=\"icon-box.default\">\n\t\t\t\t<div class=\"elementor-widget-container\">\n\t\t\t\t\t<div class=\"elementor-icon-box-wrapper\">\n\t\t\t\t\t\t<div class=\"elementor-icon-box-icon\">\n\t\t\t\t<span class=\"elementor-icon elementor-animation-\" >\n\t\t\t\t<i aria-hidden=\"true\" class=\"fas fa-envelope\"><\/i>\t\t\t\t<\/span>\n\t\t\t<\/div>\n\t\t\t\t\t\t<div class=\"elementor-icon-box-content\">\n\t\t\t\t<h4 class=\"elementor-icon-box-title\">\n\t\t\t\t\t<span >Email<\/span>\n\t\t\t\t<\/h4>\n\t\t\t\t\t\t\t\t<p class=\"elementor-icon-box-description\">kontakt@medicuskrosno.pl<\/p>\n\t\t\t\t\t\t\t<\/div>\n\t\t<\/div>\n\t\t\t\t<\/div>\n\t\t\t\t<\/div>\n\t\t\t\t\t<\/div>\n\t\t<\/div>\n\t\t\t\t\t\t\t<\/div>\n\t\t<\/section>\n\t\t\t\t\t\t<\/div>\n\t\t\t\t\t<\/div>\n\t\t","protected":false},"excerpt":{"rendered":"<p>Poradnia POZ W naszej przychodni lekarskiej w Kro\u015bnie rejestracje wizyt pacjent\u00f3w odbywaj\u0105 si\u0119 miedzy 7:30 a 18:00. Zapewniamy bezp\u0142atn\u0105 opiek\u0119 medyczn\u0105 na podstawie obowi\u0105zuj\u0105cego kontraktu z Narodowym Funduszem Zdrowia. Oznacza to, \u017ce lekarze podstawowej opieki zdrowotnej stacjonuj\u0105cy w plac\u00f3wce s\u0105 do dyspozycji pacjent\u00f3w bez potrzeby wnoszenia jakichkolwiek op\u0142at. Dzi\u0119ki temu bez wi\u0119kszych przeszk\u00f3d maj\u0105 Pa\u0144stwo &hellip;<\/p>\n<p class=\"read-more\"> <a class=\"\" href=\"https:\/\/medicuskrosno.pl\/index.php\/poradnia-poz\/\"> <span class=\"screen-reader-text\">Poradnia POZ<\/span> Read More &raquo;<\/a><\/p>\n","protected":false},"author":1,"featured_media":0,"parent":0,"menu_order":0,"comment_status":"closed","ping_status":"closed","template":"","meta":{"footnotes":""},"class_list":["post-134","page","type-page","status-publish","hentry"],"_links":{"self":[{"href":"https:\/\/medicuskrosno.pl\/index.php\/wp-json\/wp\/v2\/pages\/134","targetHints":{"allow":["GET"]}}],"collection":[{"href":"https:\/\/medicuskrosno.pl\/index.php\/wp-json\/wp\/v2\/pages"}],"about":[{"href":"https:\/\/medicuskrosno.pl\/index.php\/wp-json\/wp\/v2\/types\/page"}],"author":[{"embeddable":true,"href":"https:\/\/medicuskrosno.pl\/index.php\/wp-json\/wp\/v2\/users\/1"}],"replies":[{"embeddable":true,"href":"https:\/\/medicuskrosno.pl\/index.php\/wp-json\/wp\/v2\/comments?post=134"}],"version-history":[{"count":148,"href":"https:\/\/medicuskrosno.pl\/index.php\/wp-json\/wp\/v2\/pages\/134\/revisions"}],"predecessor-version":[{"id":1109,"href":"https:\/\/medicuskrosno.pl\/index.php\/wp-json\/wp\/v2\/pages\/134\/revisions\/1109"}],"wp:attachment":[{"href":"https:\/\/medicuskrosno.pl\/index.php\/wp-json\/wp\/v2\/media?parent=134"}],"curies":[{"name":"wp","href":"https:\/\/api.w.org\/{rel}","templated":true}]}}